 b(-14)?
2
Let j(k) = -18*k - 139. Calculate j(-8).
5
Let x(y) = -6*y**2 + 3*y - 1. What is x(2)?
-19
Let c(y) = y**2 - 2*y - 3. Calculate c(8).
45
Let p(k) = 2*k - 1. Give p(-5).
-11
Let n(b) = b**2 + 9*b - 16. Calculate n(-11).
6
Let q(i) = 3*i - 1. Determine q(4).
11
Let r(h) = 18*h + 77. Give r(-4).
5
Let r(i) = 2*i - 13. What is r(8)?
3
Let n(d) = d**3 + d**2 + 2*d - 6. Calculate n(2).
10
Let q(a) = 4*a**2 + 48*a - 40. Calculate q(-13).
12
Let q(f) = -179*f - 1074. What is q(-6)?
0
Let l(j) = 19*j - 8. Give l(1).
11
Let x(t) = t**2 + 13*t - 8. Give x(-14).
6
Let i(x) = 6*x - 269. Determine i(44).
-5
Let k(i) = -4*i - 138. Determine k(-32).
-10
Let a(y) = 3*y**3 + 5*y**2 + 3*y - 1. Determine a(-2).
-11
Let d(t) = -t**3 - 6*t**2 + t - 16. Determine d(-6).
-22
Let h(t) = -t**2 - 19*t + 23. Determine h(-20).
3
Let l(s) = -5*s + 19. What is l(6)?
-11
Let k(y) = y**2 + 3*y + 1. Give k(-2).
-1
Let g(u) = u**3 - 8*u**2 + 4*u + 9. Calculate g(7).
-12
Let a(v) = 2*v**3 + 10*v**2 + 5*v + 14. Give a(-5).
-11
Let m(q) = -2*q. Give m(0).
0
Let y(l) = 9*l + 100. Determine y(-8).
28
Let f(c) = -c**2 - 3*c + 3. Determine f(-5).
-7
Let t(p) = -50*p**2 + 6*p - 2. What is t(1)?
-46
Let w(f) = -6*f - 17. Give w(-2).
-5
Let h(a) = -a + 7. Determine h(6).
1
Let n(o) = -o - 8. Give n(-4).
-4
Let y(f) = -37*f - 115. Give y(-3).
-4
Let c(f) = 2*f**3 + 33*f**2 - 13*f + 15. Calculate c(-17).
-53
Let k(y) = -15*y + 2. What is k(-2)?
32
Let d(x) = x**2 - 3*x - 12. What is d(-5)?
28
Let a(d) = -d**2 + 4*d + 39. What is a(-11)?
-126
Let r(c) = -4*c + 2. Give r(3).
-10
Let o(j) = -j**2 - 6*j - 29. What is o(-5)?
-24
Let l(h) = -h**2 - 18*h - 47. What is l(-15)?
-2
Let i(j) = -j**3 - 54*j**2 - 49*j + 207. What is i(-53)?
-5
Let t(i) = -2*i**2 - 11*i - 1. Give t(-8).
-41
Let p(o) = -o**3 + 24. What is p(0)?
24
Let l(z) = 6*z - 78. Calculate l(12).
-6
Let b(q) = -q**3 - 11*q**2 + 13*q - 5. Give b(-12).
-17
Let c(d) = 16*d - 12. Give c(3).
36
Let h(w) = 13*w - 12. Give h(6).
66
Let f(t) = t + 22. Determine f(-7).
15
Let o(s) = 2*s + 10. Determine o(-8).
-6
Let r(c) = -14*c - 181. Determine r(-11).
-27
Let p(v) = 29*v**2 - 1. Give p(1).
28
Let q(w) = 3*w - 23. Determine q(10).
7
Let g(u) = -3*u**2 + 49*u - 57. Determine g(15).
3
Let o(y) = y**2 - 2*y - 24. Determine o(7).
11
Let v(y) = -y**3 - 4*y**2 + 7*y + 15. Determine v(-5).
5
Let m(r) = r**3 - 5*r**2 - 15*r - 6. What is m(7)?
-13
Let w(y) = -36*y - 3. Give w(1).
-39
Let l(n) = 15*n + 46. Determine l(-3).
1
Let i(g) = g**3 + 11*g**2 - 11*g + 2. What is i(-12)?
-10
Let b(n) = -n + 10. What is b(9)?
1
Let l(b) = -b**2 - 15*b + 25. Give l(-18).
-29
Let f(h) = -h**3 + 2*h**2 + 2*h + 1. Give f(-1).
2
Let h(v) = 14*v**3 + 2*v**2 + v + 2. Determine h(-1).
-11
Let n(d) = -d**3 - 9*d**2 + 6*d + 18. Calculate n(-9).
-36
Let v(a) = -a**2 + 3. Calculate v(-3).
-6
Let q(d) = d**3 + 15*d**2 + 5*d + 82. Determine q(-15).
7
Let h(j) = j**3 - 4*j**2 + j - 3. Give h(3).
-9
Let i(w) = -2*w + 19. Calculate i(10).
-1
Let v(b) = b**2 - 30*b + 108. Determine v(26).
4
Let d(h) = h**3 + 6*h**2 + 3*h + 2. Determine d(-5).
12
Let u(d) = -d**2 + 9*d - 37. Calculate u(8).
-29
Let u(f) = -f - 16. Calculate u(-18).
2
Let b(t) = 8*t**2 + 3*t - 4. Give b(2).
34
Let n(y) = -22*y - 182. Determine n(-8).
-6
Let i(o) = o**2 - 7*o - 7. Give i(7).
-7
Let c(x) = -x - 76. Give c(-27).
-49
Let v(s) = 18*s - 2. Give v(-6).
-110
Let b(i) = 2*i + 8. Give b(-6).
-4
Let l(z) = z**3 + 36*z**2 - 118*z - 41. Give l(-39).
-2
Let k(m) = -m + 26. Calculate k(15).
11
Let s(r) = 5*r - 47. Calculate s(8).
-7
Let g(z) = 3*z**3 - 3*z**2 - 5*z + 10. Determine g(3).
49
Let p(k) = k**3 + 6*k**2 + 7*k + 3. Determine p(-5).
-7
Let o(c) = 29*c + 11. What is o(-1)?
-18
Let k(l) = 65*l + 647. What is k(-10)?
-3
Let t(w) = -3*w + 5. Give t(-6).
23
Let f(u) = -7*u - 39. Calculate f(-7).
10
Let z(q) = q**3 + q**2 - 56*q + 54. Give z(1).
0
Let i(l) = -10*l - 4. What is i(-6)?
56
Let k(q) = q**3 + 32*q**2 - 69*q - 46. Calculate k(-34).
-12
Let j(k) = 16*k - 5. Give j(3).
43
Let l(d) = d**3 - 3*d**2 + 2. Calculate l(2).
-2
Let o(g) = -g**2 - 4*g + 24. Determine o(-9).
-21
Let y(u) = -u**3 - 7*u**2 + 19*u - 7. Calculate y(-9).
-16
Let f(x) = 6*x - 20. Give f(2).
-8
Let t(u) = -11*u + 30. What is t(2)?
8
Let z(d) = -15*d + 21. Calculate z(-4).
81
Let t(y) = y + 7. Determine t(5).
12
Let d(s) = s**3 - s + 97. Give d(0).
97
Let n(z) = -3*z + 4. What is n(-11)?
37
Let l(u) = -2*u + 4. What is l(-3)?
10
Let z(m) = -m**2 - 5*m - 2. Determine z(-8).
-26
Let j(n) = -2*n - 6. Calculate j(-3).
0
Let w(o) = -o**2 - 6*o + 1. Determine w(-4).
9
Let i(a) = 2*a**2 - 23*a + 7. Give i(11).
-4
Let w(l) = l**2 + 9*l + 13. What is w(-8)?
5
Let x(h) = h**3 - 4*h**2 - 7*h - 7. Give x(6).
23
Let i(n) = -6*n + 103. What is i(11)?
37
Let v(b) = b**3 + 4*b**2 + 5*b + 2. Determine v(-4).
-18
Let h(s) = s**2 + 7*s - 7. Give h(-7).
-7
Let m(p) = -p**3 - 11*p**2 + p + 14. What is m(-11)?
3
Let r(i) = 2*i**3 - 6*i + 3. What is r(2)?
7
Let c(z) = -z - 18. What is c(-1)?
-17
Let c(y) = y**3 + 15*y**2 + 12*y - 20. What is c(-14)?
8
Let o(i) = i**3 + 5*i**2 - i + 31. Give o(-6).
1
Let q(g) = g - 36. Give q(25).
-11
Let l(u) = u**3 + 4*u**2 - 4*u - 5. Calculate l(-4).
11
Let l(y) = -13*y + 43. Calculate l(4).
-9
Let g(o) = -44*o - 3. What is g(2)?
-91
Let w(d) = -3*d**2 - 7*d + 45. Give w(-6).
-21
Let y(m) = 58*m + 281. Determine y(-5).
-9
Let b(v) = v**2 + 21*v - 2. Calculate b(-17).
-70
Let r(h) = -8*h + 45. What is r(-15)?
165
Let p(q) = 8*q - 346. Calculate p(44).
6
Let y(z) = 5*z**2 + 8*z - 2. Give y(-2).
2
Let v(u) = -u**3 - 14*u**2 - 12*u + 13. Determine v(-13).
0
Let d(c) = -6*c + 4. Calculate d(8).
-44
Let u(y) = -14*y**3 + y**2 - 3*y + 2. Determine u(1).
-14
Let r(f) = -42*f - 10. Give r(0).
-10
Let z(w) = -w - 8. What is z(-2)?
-6
Let x(h) = h**3 - 33*h**2 - 3. Determine x(33).
-3
Let g(f) = 14*f - 60. What is g(4)?
-4
Let t(i) = i + 12. Calculate t(-7).
5
Let v(i) = 2*i**2 + 2*i - 21. Give v(-8).
91
Let i(c) = c. Give i(-2).
-2
Let g(s) = s**2 - 5*s - 5. Calculate g(-4).
31
Let q(a) = a**3 + 12*a**2 + 10*a + 10. What is q(-9)?
163
Let t(s) = -2*s**2 + 10*s - 20. Calculate t(3).
-8
Let j(k) = 2*k - 45. Determine j(4).
-37
Let k(u) = u**3 + 47*u**2 + 5*u + 237. Calculate k(-47).
2
Let i(m) = m**2 - 41*m - 80. Give i(43).
6
Let k(f) = -2*f**3 + 2*f**2 - 3*f + 1. Determine k(3).
-44
Let f(q) = -q**3 + 6*q**2 + 14*q - 79. Determine f(6).
5
Let c(k) = -k**2 + 18*k - 10. Calculate c(18).
-10
Let c(q) = -2*q**3 - 2*q**2 - 2*q. Give c(-2).
12
Let o(g) = g**2 + 13*g - 15. Give o(-14).
-1
Let k(c) = -3*c**2 + 19*c + 41. Give k(8).
1
Let o(n) = 5*n - 22. Calculate o(5).
3
Let b(u) = u**2 + 3*u + 5. Determine b(-4).
9
Let i(s) = s - 4. What is i(16)?
12
Let x(v) = 59*v - 291. Determine x(5).
4
Let o(n) = 4*n**3 - n. Give o(-1).
-3
Let p(b) = -10*b. What is p(-2)?
20
Let v(p) = -p - 19. Determine v(0).
-19
Let s(a) = -a**3 + 8*a**2 - 2. Determine s(7).
47
Let m(q) = -2*q - 1. Determine m(8).
-17
Let o(y) = 3*y - 135. Calculate o(32).
-39
Let u(y) = -46*y**2 - 2*y. Give u(-1).
-44
Let i(q) = -q - 9. Determine i(-7).
-2
Let a(b) = -2*b**2 - 32*b - 93. Give a(-11).
17
Let j(p) = p**3 + 30*p**2 - 31*p - 39. What is j(-31)?
-39
Let j(a) = -2*a + 14. Give j(9).
-4
Let a(g) = 2*g**2 - 171*g + 336. Calculate a(2).
2
Let q(b) = -b**2 - 31*b - 125. Determine q(-26).
5
Let f(g) = -4*g**2 + 4*g - 2. Calculate f(2).
-10
Let k(q) = -q**2 - 5*q - 5. Give k(-6).
-11
Let n(b) = -9*b + 27. Give n(8).
-45
Let v(w) = w**3 + 5*w**2 + 8*w - 3. Determine v(-4).
-19
Let s(w) = 2*w**2 - 4*w + 4. What is s(1)?
2
Let b(j) = -j - 13. Calculate b(-19).
6
Let m(a) = -a - 3. Calculate m(-25).
22
Let y(x) = 8*x**3 + 4*x**2 + 4*x + 3. Give y(-2).
-53
Let q(j) = j**3 + 3*j**2 - 4*j. Calculate q(-4).
0
Let t(h) = -2*h**2 + 11*h - 8. Give t(6).
-14
Let a(k) = k**3 - 21*k**2 + 89*k + 7. Calculate a(6).
1
Let d(z) = z**3 + 7*z**2 - 3. Calculate d(-5).
47
Let h(g) = 3*g + 16. What is h(-11)?
-17
Let s(c) = 2*c**2 - 23*c + 54. Calculate s(6).
-12
Let u(p) = -p**3 + 15*p**2 + 7*p - 39. What is u(15)?
66
Let b(p) = p**2 + 29*p + 11. What is b(-29)?
11
Let a(c) = 7*c**2 + 3*c - 4. Determine a(1).
6
Let o(j) = -4*j - 3. Determine o(-3).
9
Let p(s) = s**3 + 24*s**2 + 21